er?
False
Is 17527 a composite number?
True
Is 5737 composite?
False
Is 17701 a prime number?
False
Is 4621 composite?
False
Is 692707 composite?
False
Is 839 prime?
True
Is 43117 a prime number?
True
Is 6439 prime?
False
Is 31969 a prime number?
False
Is 2500779 a composite number?
True
Is 113441 prime?
False
Is 62459 a composite number?
False
Is 193283 a composite number?
False
Is 14369 a composite number?
False
Is 331 composite?
False
Is 4321 a prime number?
False
Is 1090349 a prime number?
False
Is 1087 a composite number?
False
Is 567173 a composite number?
True
Is 288185 a prime number?
False
Is 326141 composite?
False
Is 3203 a composite number?
False
Is 12137 a composite number?
True
Is 4288147 prime?
True
Is 47251 a composite number?
False
Is 7753 composite?
False
Is 292133 a prime number?
True
Is 367 composite?
False
Is 509581 a prime number?
True
Is 25539 composite?
True
Is 379261 prime?
False
Is 8641 a prime number?
True
Is 33227 a prime number?
False
Is 7561 a prime number?
True
Is 128813 a prime number?
True
Is 2819 prime?
True
Is 33563 prime?
True
Is 74149 a prime number?
True
Is 58271 a prime number?
True
Is 4001 prime?
True
Is 1213 composite?
False
Is 9745 prime?
False
Is 5897 composite?
False
Is 73727 a prime number?
True
Is 541 prime?
True
Is 288227 a composite number?
False
Is 191783 prime?
True
Is 3163 prime?
True
Is 10118 composite?
True
Is 22513 a composite number?
True
Is 11213 prime?
True
Is 1635641 composite?
True
Is 37847 a composite number?
False
Is 44449 prime?
True
Is 47269 composite?
False
Is 8719 prime?
True
Is 159 composite?
True
Is 165779 a composite number?
False
Is 233578 prime?
False
Is 72797 a composite number?
False
Is 43603 a composite number?
True
Is 313543 composite?
False
Is 242549 prime?
False
Is 745629 a composite number?
True
Is 11219 a composite number?
True
Is 251 a composite number?
False
Is 1280707 prime?
True
Is 26801 a prime number?
True
Is 54011 composite?
False
Is 6989 composite?
True
Is 12781 composite?
False
Is 3779 a prime number?
True
Is 31793 composite?
False
Is 377189 a prime number?
False
Is 58379 a prime number?
True
Is 13381 prime?
True
Is 6389 a prime number?
True
Is 306911 prime?
False
Is 21145 a composite number?
True
Is 211777 composite?
False
Is 16706 composite?
True
Is 14939 a prime number?
True
Is 162259 composite?
True
Is 1726897 a prime number?
True
Is 148619 a composite number?
True
Is 8923 a prime number?
True
Is 81667 a composite number?
False
Is 3793 prime?
True
Is 157981 a prime number?
False
Is 7297 a prime number?
True
Is 2833 composite?
False
Is 74117 a prime number?
False
Is 2320097 composite?
True
Is 194717 composite?
False
Is 201881 a prime number?
True
Is 14099 prime?
False
Is 17569 a composite number?
False
Is 31531 a composite number?
False
Is 63947 a composite number?
True
Is 23717 prime?
False
Is 2402 a composite number?
True
Is 7253 a prime number?
True
Is 10167 a composite number?
True
Is 79 a composite number?
False
Is 2138 a composite number?
True
Is 1466285 a composite number?
True
Is 27407 a prime number?
True
Is 26777 a prime number?
True
Is 23703 prime?
False
Is 131983 a prime number?
False
Is 923861 a composite number?
False
Is 745 a composite number?
True
Is 46405 a composite number?
True
Is 7069 a composite number?
False
Is 11069 a composite number?
False
Is 1821 prime?
False
Is 51215 a prime number?
False
Is 153773 prime?
False
Is 122101 a prime number?
False
Is 26009 a composite number?
True
Is 1229218 a prime number?
False
Is 2066 prime?
False
Is 9871 prime?
True
Is 420377 a prime number?
False
Is 13439 composite?
True
Is 63493 a prime number?
True
Is 2233765 a prime number?
False
Is 5137 a composite number?
True
Is 13606 composite?
True
Is 391421 a prime number?
False
Is 290287 a prime number?
False
Is 2897 composite?
False
Is 2041 a prime number?
False
Is 667 a composite number?
True
Is 35417 composite?
True
Is 332065 composite?
True
Is 280205 composite?
True
Is 20269 prime?
True
Is 7349 a prime number?
True
Is 49 prime?
False
Is 2333 a composite number?
False
Is 72133 composite?
True
Is 23597 a composite number?
True
Is 1597657 a composite number?
False
Is 6491 a composite number?
False
Is 7253 a composite number?
False
Is 666959 a composite number?
False
Is 125453 prime?
True
Is 8321 a composite number?
True
Is 53129 prime?
True
Is 26327 a prime number?
False
Is 82123 a composite number?
True
Is 26153 a prime number?
True
Is 8501 prime?
True
Is 641993 prime?
False
Is 253 a prime number?
False
Is 1345 a composite number?
True
Is 344823 prime?
False
Is 58946 composite?
True
Is 2881 a prime number?
False
Is 38989 prime?
False
Is 35023 composite?
False
Is 48017 composite?
False
Is 11819 composite?
True
Is 509651 prime?
False
Is 9745 a composite number?
True
Is 184153 a prime number?
True
Is 676859 a prime number?
True
Is 4219 composite?
False
Is 475949 composite?
True
Is 25255 a composite number?
True
Is 13309 a composite number?
False
Is 9466 composite?
True
Is 10513 a composite number?
False
Is 15955 prime?
False
Is 137077 composite?
False
Is 148349 a prime number?
False
Is 1971446 prime?
False
Is 65323 composite?
False
Is 161 prime?
False
Is 9017 prime?
False
Is 522973 a composite number?
True
Is 758891 composite?
True
Is 62885 composite?
True
Is 16787 prime?
True
Is 37187 composite?
True
Is 39313 composite?
False
Is 412367 a composite number?
True
Is 2927 prime?
True
Is 301487 prime?
True
Is 20143 a composite number?
False
Is 1191431 prime?
True
Is 60289 prime?
True
Is 1034578 composite?
True
Is 4163 composite?
True
Is 5815 composite?
True
Is 21647 a prime number?
True
Is 273443 composite?
True
Is 15493 prime?
True
Is 2029271 prime?
True
Is 63295 composite?
True
Is 45161 prime?
True
Is 6261 a prime number?
False
Is 187 composite?
True
Is 12641 prime?
True
Is 188827 composite?
False
Is 170627 a composite number?
False
Is 65663 prime?
False
Is 11677 a prime number?
True
Is 4237 a composite number?
True
Is 72613 prime?
True
Is 32909 a prime number?
True
Is 41889 a prime number?
False
Is 4783 composite?
False
Is 30869 a composite number?
False
Is 13647 a prime number?
False
Is 1183762 prime?
False
Is 16447 composite?
False
Is 634007 a prime number?
False
Is 391291 a composite number?
False
Is 425189 prime?
True
Is 73201 composite?
True
Is 56939 composite?
True
Is 1984247 a composite number?
False
Is 345079 a composite number?
True
Is 215 a prime number?
False
Is 181667 composite?
False
Is 1638311 composite?
False
Is 490417 a composite number?
False
Is 3181 prime?
True
Is 14501 composite?
True
Is 9983 a prime number?
False
Is 46454 a composite number?
True
Is 227269 prime?
False
Is 284369 a prime number?
True
Is 2818 composite?
True
Is 23939 composite?
True
Is 23189 prime?
True
Is 2437 prime?
True
Is 8051 a prime number?
False
Is 171283 prime?
False
Is 11531 a prime number?
False
Is 6524769 a prime number?
False
Is 51431 a composite number?
False
Is 811795 a prime number?
False
Is 363299 a prime number?
False
Is 238591 prime?
True
Is 823913 a prime number?
True
Is 189077 a prime number?
False
Is 574097 a composite number?
True
Is 296759 composite?
True
Is 30607 composite?
True
Is 17926 composite?
True
Is 121823 a composite number?
True
Is 2459 composite?
False
Is 16897 a prime number?
False
Is 43718 a composite number?
True
Is 3457 composite?
False
Is 836729 composite?
False
Is 25501 a prime number?
False
Is 1471 composite?
False
Is 55469 a prime number?
True
Is 2064547 a composite number?
False
Is 266801 a composite number?
False
Is 7747 composite?
True
Is 2959 a composite number?
True
Is 2901 a composite number?
True
Is 238513 a prime number?
False
Is 855371 a prime number?
False
Is 4853 a composite number?
True
Is 83833 prime?
True
Is 183058 a composite number?
True
Is 16917 a prime number?
False
Is 1069 a composite number?
False
Is 25097 composite?
False
Is 1244077 composite?
True
Is 2021 a composite number?
True
Is 11671 a prime number?
False
Is 8999 composite?
False
Is 1845481 composite?
True
Is 201385 a prime number?
False
Is 296291 a composite number?
True
Is 1823 a prime number?
True
Is 49241 a prime number?
False
Is 326537 prime?
True
Is 4327 prime?
True
Is 8633597 a composite number?
True
Is 72763 composite?
False
Is 1478179 pri